+ 2 - -2). Suppose -7 = -h*f + 9. Suppose f*p - 90 = 34. What is the remainder when p is divided by 11?
9
What is the remainder when (-42)/(-28) - (174/(-4) - -1) is divided by 1*-2*(1 - 7)?
8
Suppose -5*r + 116 = 5*j - 719, -j + 5*r = -191. Calculate the remainder when j is divided by 44.
39
Let p(q) = 9*q**3 + 8*q**2 - 20*q + 19. Calculate the remainder when 494 is divided by p(2).
79
Let p = -80 - -134. Suppose 2*f - p = -f. Suppose -5*b + 69 + 186 = 0. Calculate the remainder when b is divided by f.
15
Suppose g = -4*n + 31, 0 = -g - n - 1 + 23. What is the remainder when 40 is divided by g?
2
Let c(q) = 3*q - 3. Let j(i) = -2*i + 3. Let w(o) = -3*c(o) - 4*j(o). Let a be w(-2). What is the remainder when a + (59 - (-2 + 1)) is divided by 15?
14
Let d be ((-6)/(-18))/(1/42). Suppose -17*w + d*w + 9 = 0. What is the remainder when 7 is divided by w?
1
Let q(y) = -6*y - 23. Let v be q(-5). Calculate the remainder when (-1)/v + 395/70*8 is divided by 17.
11
Suppose 4*g - 96 = -4*w, -3*w - 2 = 1. Let p = 74 + -61. Calculate the remainder when g is divided by p.
12
Calculate the remainder when 42 is divided by (-2)/(-6)*(-30 - -57).
6
Suppose 0 = -2*g + 31*g - 232. Suppose -5*t = -87 - 58. What is the remainder when t is divided by g?
5
Suppose -5*j = -2*j - 54. Suppose a - 5*p = j, -8 = 4*a - 4*p - 32. Suppose z + 0*g = a*g + 8, 16 = z + g. What is the remainder when z is divided by 4?
2
Suppose -q + 41 = -12. Suppose -23*p + 550 = 113. What is the remainder when q is divided by p?
15
What is the remainder when -1*((-12 + -3 - 1) + 5) is divided by 7?
4
Let g(u) = -183*u**3 - u**2 + 1. Let k = 1096 - 1050. What is the remainder when g(-1) is divided by k?
45
Let x(m) = m**2 + 6*m. Let b be x(-5). Let l(p) = -3*p. What is the remainder when l(b) is divided by (-43 + 41)*4*-1?
7
Let o(q) = -q**3 - 10*q**2 - 23*q - 45. What is the remainder when o(-8) is divided by 1/(-4) - 58/(-8)?
4
Suppose 4*y + 5*b = 179, 0 = 5*y - 4*b - 267 - 8. Suppose p + 5*z = -19, 5*p + 42 = -4*z + 10. Let i = y + p. What is the remainder when i is divided by 25?
22
Let a(x) = x**3 + 60*x**2 + 115*x - 51. Calculate the remainder when 152 is divided by a(-58).
5
Let b = -1 - -11. Suppose 3*k + 6*h - 3*h = 33, 5*h = -b. Calculate the remainder when 24 is divided by k.
11
Let o = -13 + 29. Let j(r) = 3*r - 1. What is the remainder when j(16) is divided by o?
15
Let s(c) = -3*c**2 + 37*c + 10. Let t = -17 + 24. Calculate the remainder when s(11) is divided by t.
5
What is the remainder when (-800)/2*(-272)/340 is divided by 82?
74
Let z = -128 + 130. Suppose 5*s = 3*j - 154, 6*j - 7*j - z*s = -55. What is the remainder when j is divided by 6?
5
Let x(p) = p**3 + 12*p**2 + p + 16. Let z be x(-11). Let r = -112 + z. What is the remainder when 68 is divided by r?
12
Suppose u + 4*j - 122 = 0, u - 35 - 52 = 3*j. Suppose -4*f - u = -3*q, 8*q - 4*q - 56 = 2*f. Let h = -15 - f. Calculate the remainder when 24 is divided by h.
6
Let h(i) = 39*i + 421. Calculate the remainder when 76 is divided by h(-10).
14
Let c(b) = -b**3 - 12*b**2 - 3*b + 3. Let l be 3/(-6) + 115/(-10). Calculate the remainder when 153 is divided by c(l).
36
Let u(c) = -9*c + 151. Calculate the remainder when u(11) is divided by 27.
25
Let b(u) be the first derivative of -3*u**2/2 - 9*u - 11. Let d be b(-11). Suppose 8 = 4*q - d. Calculate the remainder when 31 is divided by q.
7
Suppose -2*o = i + 3*o + 5, 5*i = -2*o - 2. Suppose -2*r - 2 + 26 = i. Calculate the remainder when 17 is divided by r.
5
Let k(r) = -r**2 + 2*r + 4. Let c be k(4). Calculate the remainder when (-2 - c/4) + 10 is divided by ((-30)/(-9))/(2/3).
4
Let l(g) = g**2 + 13*g + 15. Calculate the remainder when l(-25) is divided by 53.
50
Suppose -62 = -5*d - t + 4*t, -t - 4 = 0. Calculate the remainder when 97 is divided by d.
7
Let r be 5/((12/4)/3). Suppose 32 + 3 = r*s. Calculate the remainder when s is divided by 3.
1
Suppose 0 = 3*y - 4*i - 77, y + 27 = 2*y - 2*i. Calculate the remainder when 315 is divided by y.
16
Calculate the remainder when 607 is divided by (-19)/((-7 - -5)/4).
37
Suppose -2*s = -3*s + 536. Suppose -8*g + s = -0*g. Calculate the remainder when g is divided by 34.
33
Let o be 27/(-18)*1/1*-2. Suppose 3*z + 18 = a, -o = -a + z + 19. What is the remainder when a is divided by 15?
9
Let z = 150 + -81. Let j(r) = -11 + 8*r - 5*r - 2*r + 41. Calculate the remainder when z is divided by j(6).
33
Calculate the remainder when ((-96)/28)/6 - (-110272)/112 is divided by 141.
138
Suppose -4*z = 4*n - 68, -z + 2*n = -2*z + 20. Calculate the remainder when 25 is divided by z.
11
Let d(c) = 5*c**2 - 2. Let g(m) = 33*m**3. Let n be g(1). Suppose -6*y + n = -27. What is the remainder when d(2) is divided by y?
8
Let d(u) = u**2 + u + 2. Let j be d(-1). Suppose 2*p - 105 = 4*v + 99, -2*v + 222 = j*p. Let z = p - 40. What is the remainder when z is divided by 18?
14
Suppose -16 = -2*k + 4*v + 8, -k = 2*v - 16. Let b(x) = 14 + 42*x**2 - 5 - 5*x - 41*x**2. What is the remainder when k is divided by b(3)?
2
Let z(v) = -24*v**3 - 5*v**2 - 4*v + 1. Calculate the remainder when (-831)/(-7) + 2/7 is divided by z(-1).
23
Let v(z) = z**3 - 3*z**2 + 6*z - 7. Let c be v(2). Suppose -c = -3*x + 14, u - 5*x - 60 = 0. Calculate the remainder when u is divided by 15.
10
Let g(n) = 17*n + 6. Let y(o) = 8*o + 3. Let v(h) = 6*g(h) - 13*y(h). Let c = -3616 - -3620. Calculate the remainder when c is divided by v(-3).
1
Let z = -117 - -451. What is the remainder when z is divided by 16?
14
Let h = -37 + 45. Suppose 0 = 3*w - h - 7. Calculate the remainder when w is divided by 4.
1
Suppose 4*y + x - 35 = 156, 2*y - 5*x - 101 = 0. What is the remainder when 1103 is divided by y?
47
Let s = 506 - 196. What is the remainder when s is divided by 13?
11
Suppose 5*q + 5*y = 20, 2*y = 2*q + y + 4. Suppose -f + 27 = -5*m + 3*m, q = 2*f + 2*m - 36. What is the remainder when f is divided by ((-2)/2 - 2) + 9/1?
3
Calculate the remainder when -4 + 4 + 4 + (-309)/(-1) is divided by 45.
43
Suppose -4*f = f - 5*l - 80, 4*f - 85 = -3*l. Let c = 11 + f. Let b = -9 + 17. What is the remainder when c is divided by b?
6
Let o = 1 - 0. Let f(c) = 15*c**2 - 1. What is the remainder when (-5)/((-75)/12) - (-4824)/120 is divided by f(o)?
13
Suppose -16 = 26*f - 30*f. Suppose 0 = -f*g - 3*s + 4*s + 195, -3*g = -5*s - 142. What is the remainder when g is divided by 25?
24
Suppose -2*j = 5*f - 0*f - 24, f = j + 2. Calculate the remainder when 3/(-1) + (j - (-81 - 0)) is divided by 41.
39
Suppose -15*n = -17*n, 2*n = 2*w - 4898. What is the remainder when w is divided by 98?
97
Suppose -2*u = u + 4*z - 201, u = -z + 68. Suppose -4*x + 108 = 4*d, -5*d + x = 39 - 162. Calculate the remainder when u is divided by d.
21
Let t = 101 - 104. Calculate the remainder when (t - (-3 + -45)) + 0 is divided by 24.
21
Let w(k) = -2*k + 8. Let c be (-258)/(-4) - ((-66)/(-12) - 4). Let a = c - 50. What is the remainder when w(-7) is divided by a?
9
Suppose o + o = 0. Suppose o = -5*k + 7*k - 8. What is the remainder when 3 is divided by (3/(-2) - -2)*k?
1
Let l = 6 - -16. Suppose -34 = -7*g + l. What is the remainder when 54 is divided by g?
6
Let i = 61 + -26. Suppose -4*k + i = -53. Calculate the remainder when k is divided by 8.
6
Let v(x) = -21*x + 186. Calculate the remainder when 268 is divided by v(8).
16
What is the remainder when 668 is divided by 1/(((-4)/(-2))/(2806/23))?
58
Suppose -v + 0*v + 2 = 0. What is the remainder when 2 - (v + -2 - 77) is divided by 21?
16
Let h(r) = -2*r**2 - 24*r + 62. Let o(f) = -4*f**2 - 47*f + 123. Let n(w) = 5*h(w) - 3*o(w). Calculate the remainder when n(-17) is divided by 33.
30
What is the remainder when (3 + -8 - -110) + -6 is divided by 98?
1
Let c = -204 + 336. Calculate the remainder when c is divided by 68.
64
Let c(z) = 2*z**2 - z - 1. Let t be c(-1). Suppose -t*f - 473 = -5*w - 10, -3*w - 4*f = -283. What is the remainder when w is divided by 32?
29
Let v = 3958 + -3942. Let p(d) = 30*d + 4. What is the remainder when p(3) is divided by v?
14
Calculate the remainder when 517 is divided by 10175/110*(-2)/(-5).
36
Let v(d) = -d**3 + 7*d**2 - 5*d - 4. Let s be v(6). Let y(f) = f**3 + 4*f**2 - 2*f - 1. Calculate the remainder when y(-4) is divided b